{"id":157,"date":"2021-03-06T18:55:26","date_gmt":"2021-03-06T21:55:26","guid":{"rendered":"http:\/\/sites.teratec.com.br\/cmparaty\/institucional\/v1\/?page_id=157"},"modified":"2023-08-14T19:12:43","modified_gmt":"2023-08-14T22:12:43","slug":"contato","status":"publish","type":"page","link":"https:\/\/paraty.rj.leg.br\/site\/contato\/","title":{"rendered":"Contato"},"content":{"rendered":"<p>[vc_row][vc_column width=&#8221;1\/2&#8243;][vc_column_text el_id=&#8221;fale-mapa&#8221;]<\/p>\n<h4><strong><i class=\"fa fa-map-marker\"><\/i> Endere\u00e7o<\/strong><\/h4>\n<p><strong>Secretaria e Gabinetes<\/strong><br \/>\nRua Dr. Samuel Costa, n\u00b0 23\/25, Centro Hist\u00f3rico<br \/>\nParaty &#8211; RJ<br \/>\nCEP 23.970-000<br \/>\nTel.: <a href=\"tel:552433711424\">(24) 3371-1424<\/a><\/p>\n<p><strong>Administrativo e Plen\u00e1rio<\/strong><br \/>\nRua Manoel Torres, 45, Parque Imperial<br \/>\nParaty &#8211; RJ<br \/>\nCEP 23.970-000<br \/>\nTel.: <a href=\"tel:552433712015\">(24) 3371-2015<\/a><\/p>\n<p>&nbsp;<\/p>\n<h4><i class=\"fa fa-clock\"><\/i> Hor\u00e1rio de Atendimento<\/h4>\n<p>Segunda \u00e0 sexta-feira, das 8 as 17h.[\/vc_column_text][\/vc_column][vc_column width=&#8221;1\/2&#8243;][vc_column_text]<\/p>\n<h4><strong><i class=\"fa fa-envelope\"><\/i> Enviar mensagem<\/strong><\/h4>\n<div class=\"wpcf7 no-js\" id=\"wpcf7-f282-o1\" lang=\"pt-BR\" dir=\"ltr\" data-wpcf7-id=\"282\">\n<div class=\"screen-reader-response\"><p role=\"status\" aria-live=\"polite\" aria-atomic=\"true\"><\/p> <ul><\/ul><\/div>\n<form action=\"\/site\/wp-json\/wp\/v2\/pages\/157#wpcf7-f282-o1\" method=\"post\" class=\"wpcf7-form init\" aria-label=\"Formul\u00e1rios de contato\" novalidate=\"novalidate\" data-status=\"init\">\n<fieldset class=\"hidden-fields-container\"><input type=\"hidden\" name=\"_wpcf7\" value=\"282\" \/><input type=\"hidden\" name=\"_wpcf7_version\" value=\"6.1.5\" \/><input type=\"hidden\" name=\"_wpcf7_locale\" value=\"pt_BR\" \/><input type=\"hidden\" name=\"_wpcf7_unit_tag\" value=\"wpcf7-f282-o1\" \/><input type=\"hidden\" name=\"_wpcf7_container_post\" value=\"0\" \/><input type=\"hidden\" name=\"_wpcf7_posted_data_hash\" value=\"\" \/>\n<\/fieldset>\n<p><label> Destinat\u00e1rio(s)*<br \/>\n<span class=\"wpcf7-form-control-wrap\" data-name=\"recipient\"><select class=\"wpcf7-form-control wpcf7-select wpcf7-validates-as-required fale-destinatario\" id=\"fale-destinatario\" aria-required=\"true\" aria-invalid=\"false\" multiple=\"multiple\" name=\"recipient[]\"><option value=\"\">&#8212;Escolha uma op\u00e7\u00e3o&#8212;<\/option><option value=\"Almoxarifado\">Almoxarifado<\/option><option value=\"Arquivo Geral\">Arquivo Geral<\/option><option value=\"Comunica\u00e7\u00e3o\" selected=\"selected\">Comunica\u00e7\u00e3o<\/option><option value=\"Contabilidade\">Contabilidade<\/option><option value=\"Controle Interno\">Controle Interno<\/option><option value=\"Departamento Financeiro\">Departamento Financeiro<\/option><option value=\"Departamento Jur\u00eddico\">Departamento Jur\u00eddico<\/option><option value=\"Diretor Geral\">Diretor Geral<\/option><option value=\"Memorial Legislativo\">Memorial Legislativo<\/option><option value=\"Ouvidoria\">Ouvidoria<\/option><option value=\"Patrim\u00f4nio\">Patrim\u00f4nio<\/option><option value=\"Presid\u00eancia\">Presid\u00eancia<\/option><option value=\"Recursos Humanos\">Recursos Humanos<\/option><option value=\"Secretaria\">Secretaria<\/option><option value=\"Vereadora Flora\">Vereadora Flora<\/option><option value=\"Vereador Allan Ribeiro\">Vereador Allan Ribeiro<\/option><option value=\"Vereador Lucas Cordeiro\">Vereador Lucas Cordeiro<\/option><option value=\"Vereador Lulu\">Vereador Lulu<\/option><option value=\"Vereador Marquinho\">Vereador Marquinho<\/option><option value=\"Vereador Paulo S\u00e9rgio\">Vereador Paulo S\u00e9rgio<\/option><option value=\"Vereador Rodrigo Penha\">Vereador Rodrigo Penha<\/option><option value=\"Vereador Sanica\">Vereador Sanica<\/option><option value=\"Vereador Tunico\">Vereador Tunico<\/option><\/select><\/span> <\/label>\n<\/p>\n<p><label> Seu nome*<br \/>\n<span class=\"wpcf7-form-control-wrap\" data-name=\"your-name\"><input size=\"40\" maxlength=\"400\" class=\"wpcf7-form-control wpcf7-text wpcf7-validates-as-required\" aria-required=\"true\" aria-invalid=\"false\" value=\"\" type=\"text\" name=\"your-name\" \/><\/span> <\/label>\n<\/p>\n<p><label> Seu email*<br \/>\n<span class=\"wpcf7-form-control-wrap\" data-name=\"your-email\"><input size=\"40\" maxlength=\"400\" class=\"wpcf7-form-control wpcf7-email wpcf7-validates-as-required wpcf7-text wpcf7-validates-as-email\" aria-required=\"true\" aria-invalid=\"false\" value=\"\" type=\"email\" name=\"your-email\" \/><\/span> <\/label>\n<\/p>\n<p><label> Seu telefone<br \/>\n<span class=\"wpcf7-form-control-wrap\" data-name=\"you-phone\"><input size=\"40\" maxlength=\"400\" class=\"wpcf7-form-control wpcf7-tel wpcf7-text wpcf7-validates-as-tel\" aria-invalid=\"false\" value=\"\" type=\"tel\" name=\"you-phone\" \/><\/span> <\/label>\n<\/p>\n<p><label> Sua cidade*<br \/>\n<span class=\"wpcf7-form-control-wrap\" data-name=\"your-city\"><input size=\"40\" maxlength=\"400\" class=\"wpcf7-form-control wpcf7-email wpcf7-validates-as-required wpcf7-text wpcf7-validates-as-email\" aria-required=\"true\" aria-invalid=\"false\" value=\"\" type=\"email\" name=\"your-city\" \/><\/span> <\/label>\n<\/p>\n<p><label> Sua mensagem*<br \/>\n<span class=\"wpcf7-form-control-wrap\" data-name=\"your-message\"><textarea cols=\"40\" rows=\"10\" maxlength=\"2000\" class=\"wpcf7-form-control wpcf7-textarea wpcf7-validates-as-required\" aria-required=\"true\" aria-invalid=\"false\" name=\"your-message\"><\/textarea><\/span> <\/label>\n<\/p>\n<p><input class=\"wpcf7-form-control wpcf7-submit has-spinner\" type=\"submit\" value=\"Enviar\" \/>\n<\/p><div class=\"wpcf7-response-output\" aria-hidden=\"true\"><\/div>\n<\/form>\n<\/div>\n[\/vc_column_text][\/vc_column][\/vc_row]<\/p>\n","protected":false},"excerpt":{"rendered":"<p>[vc_row][vc_column width=&#8221;1\/2&#8243;][vc_column_text el_id=&#8221;fale-mapa&#8221;] Endere\u00e7o Secretaria e Gabinetes Rua Dr. Samuel Costa, n\u00b0 23\/25, Centro Hist\u00f3rico Paraty &#8211; RJ CEP 23.970-000 Tel.: (24) 3371-1424 Administrativo e Plen\u00e1rio Rua Manoel Torres, 45, Parque Imperial Paraty &#8211; RJ CEP 23.970-000 Tel.: (24) 3371-2015 &nbsp; Hor\u00e1rio de Atendimento Segunda \u00e0 sexta-feira, das 8 as 17h.[\/vc_column_text][\/vc_column][vc_column width=&#8221;1\/2&#8243;][vc_column_text] Enviar mensagem [\/vc_column_text][\/vc_column][\/vc_row]<\/p>\n","protected":false},"author":1,"featured_media":0,"parent":0,"menu_order":0,"comment_status":"closed","ping_status":"closed","template":"","meta":{"_monsterinsights_skip_tracking":false,"_monsterinsights_sitenote_active":false,"_monsterinsights_sitenote_note":"","_monsterinsights_sitenote_category":0,"footnotes":""},"class_list":["post-157","page","type-page","status-publish","hentry"],"_links":{"self":[{"href":"https:\/\/paraty.rj.leg.br\/site\/wp-json\/wp\/v2\/pages\/157","targetHints":{"allow":["GET"]}}],"collection":[{"href":"https:\/\/paraty.rj.leg.br\/site\/wp-json\/wp\/v2\/pages"}],"about":[{"href":"https:\/\/paraty.rj.leg.br\/site\/wp-json\/wp\/v2\/types\/page"}],"author":[{"embeddable":true,"href":"https:\/\/paraty.rj.leg.br\/site\/wp-json\/wp\/v2\/users\/1"}],"replies":[{"embeddable":true,"href":"https:\/\/paraty.rj.leg.br\/site\/wp-json\/wp\/v2\/comments?post=157"}],"version-history":[{"count":20,"href":"https:\/\/paraty.rj.leg.br\/site\/wp-json\/wp\/v2\/pages\/157\/revisions"}],"predecessor-version":[{"id":55393,"href":"https:\/\/paraty.rj.leg.br\/site\/wp-json\/wp\/v2\/pages\/157\/revisions\/55393"}],"wp:attachment":[{"href":"https:\/\/paraty.rj.leg.br\/site\/wp-json\/wp\/v2\/media?parent=157"}],"curies":[{"name":"wp","href":"https:\/\/api.w.org\/{rel}","templated":true}]}}