{"id":273,"date":"2021-03-07T11:21:28","date_gmt":"2021-03-07T14:21:28","guid":{"rendered":"https:\/\/paraty.rj.leg.br\/site\/?page_id=273"},"modified":"2025-02-09T16:39:19","modified_gmt":"2025-02-09T19:39:19","slug":"noticias","status":"publish","type":"page","link":"https:\/\/paraty.rj.leg.br\/site\/noticias\/","title":{"rendered":"Not\u00edcias"},"content":{"rendered":"<div class=\"pdfprnt-buttons pdfprnt-buttons-post pdfprnt-top-right\"><a href=\"https:\/\/paraty.rj.leg.br\/site\/wp-json\/wp\/v2\/pages\/273?print=pdf\" class=\"pdfprnt-button pdfprnt-button-pdf\" target=\"_blank\" ><img decoding=\"async\" src=\"https:\/\/paraty.rj.leg.br\/site\/wp-content\/plugins\/pdf-print\/images\/pdf.png\" alt=\"image_pdf\" title=\"Ver PDF\" \/><span class=\"pdfprnt-button-title pdfprnt-button-pdf-title\">Gerar PDF<\/span><\/a><a href=\"https:\/\/paraty.rj.leg.br\/site\/wp-json\/wp\/v2\/pages\/273?print=print\" class=\"pdfprnt-button pdfprnt-button-print\" target=\"_blank\" ><img decoding=\"async\" src=\"https:\/\/paraty.rj.leg.br\/site\/wp-content\/plugins\/pdf-print\/images\/print.png\" alt=\"image_print\" title=\"Conte\u00fado de impress\u00e3o\" \/><span class=\"pdfprnt-button-title pdfprnt-button-print-title\">Imprimir<\/span><\/a><\/div>\t\t<div data-elementor-type=\"wp-page\" data-elementor-id=\"273\" class=\"elementor elementor-273\" data-elementor-post-type=\"page\">\n\t\t\t\t<div class=\"elementor-element elementor-element-3b484a3 e-flex e-con-boxed e-con e-parent\" data-id=\"3b484a3\" data-element_type=\"container\" data-e-type=\"container\">\n\t\t\t\t\t<div class=\"e-con-inner\">\n\t\t\t\t<div class=\"elementor-element elementor-element-a7816ca elementor-widget elementor-widget-text-editor\" data-id=\"a7816ca\" data-element_type=\"widget\" data-e-type=\"widget\" data-widget_type=\"text-editor.default\">\n\t\t\t\t<div class=\"elementor-widget-container\">\n\t\t\t\t\t\t\t\t\t<p><form id='wpes-form-31928' role=\"search\" method=\"get\" class=\"search-form pesquisar-noticias-form\" action=\"https:\/\/paraty.rj.leg.br\/site\/\">\n\t\t<label>\n\t\t    <span class=\"screen-reader-text\">Pesquisar por:<\/span>\n\t\t    <input type=\"search\" class=\"search-field pesquisar-noticias-input\" placeholder=\"Pesquisar Not\u00edcias\" value=\"\" name=\"s\" \/>\n\t\t<\/label>\n\t\t<input type=\"submit\" class=\"search-submit \" value=\"Pesquisar\" \/><input type='hidden' value='31928' name='wpessid' \/><\/form><\/p>\t\t\t\t\t\t\t\t<\/div>\n\t\t\t\t<\/div>\n\t\t\t\t\t<\/div>\n\t\t\t\t<\/div>\n\t\t<div class=\"elementor-element elementor-element-600293a e-flex e-con-boxed e-con e-parent\" data-id=\"600293a\" data-element_type=\"container\" data-e-type=\"container\">\n\t\t\t\t\t<div class=\"e-con-inner\">\n\t\t\t\t<div class=\"elementor-element elementor-element-b5d58c2 elementor-grid-1 elementor-posts--thumbnail-left elementor-grid-tablet-2 elementor-grid-mobile-1 elementor-widget elementor-widget-posts\" data-id=\"b5d58c2\" data-element_type=\"widget\" data-e-type=\"widget\" data-settings=\"{&quot;classic_columns&quot;:&quot;1&quot;,&quot;classic_columns_tablet&quot;:&quot;2&quot;,&quot;classic_columns_mobile&quot;:&quot;1&quot;,&quot;classic_row_gap&quot;:{&quot;unit&quot;:&quot;px&quot;,&quot;size&quot;:35,&quot;sizes&quot;:[]},&quot;classic_row_gap_tablet&quot;:{&quot;unit&quot;:&quot;px&quot;,&quot;size&quot;:&quot;&quot;,&quot;sizes&quot;:[]},&quot;classic_row_gap_mobile&quot;:{&quot;unit&quot;:&quot;px&quot;,&quot;size&quot;:&quot;&quot;,&quot;sizes&quot;:[]}}\" data-widget_type=\"posts.classic\">\n\t\t\t\t<div class=\"elementor-widget-container\">\n\t\t\t\t\t\t\t<div class=\"elementor-posts-container elementor-posts elementor-posts--skin-classic elementor-grid\">\n\t\t\t\t<article class=\"elementor-post elementor-grid-item post-69824 post type-post status-publish format-standard has-post-thumbnail hentry category-destaque category-noticias tag-solenidade-em-comemoracao-ao-359-aniversario-de-emancipacao-politico-administrativa-de-paraty\">\n\t\t\t\t<a class=\"elementor-post__thumbnail__link\" href=\"https:\/\/paraty.rj.leg.br\/site\/solenidade-em-comemoracao-ao-359-aniversario-de-emancipacao-politico-administrativa-de-paraty\/\" tabindex=\"-1\" >\n\t\t\t<div class=\"elementor-post__thumbnail\"><img fetchpriority=\"high\" decoding=\"async\" width=\"300\" height=\"169\" src=\"https:\/\/paraty.rj.leg.br\/site\/wp-content\/uploads\/2026\/03\/tela01-300x169.jpg\" class=\"attachment-medium size-medium wp-image-69825\" alt=\"\" srcset=\"https:\/\/paraty.rj.leg.br\/site\/wp-content\/uploads\/2026\/03\/tela01-300x169.jpg 300w, https:\/\/paraty.rj.leg.br\/site\/wp-content\/uploads\/2026\/03\/tela01-1024x575.jpg 1024w, https:\/\/paraty.rj.leg.br\/site\/wp-content\/uploads\/2026\/03\/tela01-768x432.jpg 768w, https:\/\/paraty.rj.leg.br\/site\/wp-content\/uploads\/2026\/03\/tela01-1536x863.jpg 1536w, https:\/\/paraty.rj.leg.br\/site\/wp-content\/uploads\/2026\/03\/tela01-2048x1151.jpg 2048w\" sizes=\"(max-width: 300px) 100vw, 300px\" \/><\/div>\n\t\t<\/a>\n\t\t\t\t<div class=\"elementor-post__text\">\n\t\t\t\t<h3 class=\"elementor-post__title\">\n\t\t\t<a href=\"https:\/\/paraty.rj.leg.br\/site\/solenidade-em-comemoracao-ao-359-aniversario-de-emancipacao-politico-administrativa-de-paraty\/\" >\n\t\t\t\tSolenidade em comemora\u00e7\u00e3o ao 359\u00b0 Anivers\u00e1rio de Emancipa\u00e7\u00e3o Pol\u00edtico Administrativa de Paraty\t\t\t<\/a>\n\t\t<\/h3>\n\t\t\t\t<div class=\"elementor-post__meta-data\">\n\t\t\t\t\t<span class=\"elementor-post-date\">\n\t\t\t18 de mar\u00e7o de 2026\t\t<\/span>\n\t\t\t\t<span class=\"elementor-post-avatar\">\n\t\t\tNenhum coment\u00e1rio\t\t<\/span>\n\t\t\t\t<\/div>\n\t\t\t\t<div class=\"elementor-post__excerpt\">\n\t\t\t<p>Solenidade em comemora\u00e7\u00e3o ao 359\u00b0 Anivers\u00e1rio de Emancipa\u00e7\u00e3o Pol\u00edtico Administrativa de Paraty, quando da sua eleva\u00e7\u00e3o \u00e0 Vila de Nossa Senhora dos Rem\u00e9dios por<\/p>\n\t\t<\/div>\n\t\t\n\t\t<a class=\"elementor-post__read-more\" href=\"https:\/\/paraty.rj.leg.br\/site\/solenidade-em-comemoracao-ao-359-aniversario-de-emancipacao-politico-administrativa-de-paraty\/\" aria-label=\"Read more about Solenidade em comemora\u00e7\u00e3o ao 359\u00b0 Anivers\u00e1rio de Emancipa\u00e7\u00e3o Pol\u00edtico Administrativa de Paraty\" tabindex=\"-1\" >\n\t\t\tLeia Mais &gt;&gt;\t\t<\/a>\n\n\t\t\t\t<\/div>\n\t\t\t\t<\/article>\n\t\t\t\t<article class=\"elementor-post elementor-grid-item post-69797 post type-post status-publish format-standard has-post-thumbnail hentry category-noticias\">\n\t\t\t\t<a class=\"elementor-post__thumbnail__link\" href=\"https:\/\/paraty.rj.leg.br\/site\/nota-de-pesar-sr-almerindo-conceicao-bernardo\/\" tabindex=\"-1\" >\n\t\t\t<div class=\"elementor-post__thumbnail\"><img decoding=\"async\" width=\"300\" height=\"178\" src=\"https:\/\/paraty.rj.leg.br\/site\/wp-content\/uploads\/2026\/03\/nota-de-pesar_site-300x178.jpg\" class=\"attachment-medium size-medium wp-image-69799\" alt=\"\" srcset=\"https:\/\/paraty.rj.leg.br\/site\/wp-content\/uploads\/2026\/03\/nota-de-pesar_site-300x178.jpg 300w, https:\/\/paraty.rj.leg.br\/site\/wp-content\/uploads\/2026\/03\/nota-de-pesar_site-1024x609.jpg 1024w, https:\/\/paraty.rj.leg.br\/site\/wp-content\/uploads\/2026\/03\/nota-de-pesar_site-768x457.jpg 768w, https:\/\/paraty.rj.leg.br\/site\/wp-content\/uploads\/2026\/03\/nota-de-pesar_site-1536x913.jpg 1536w, https:\/\/paraty.rj.leg.br\/site\/wp-content\/uploads\/2026\/03\/nota-de-pesar_site.jpg 1921w\" sizes=\"(max-width: 300px) 100vw, 300px\" \/><\/div>\n\t\t<\/a>\n\t\t\t\t<div class=\"elementor-post__text\">\n\t\t\t\t<h3 class=\"elementor-post__title\">\n\t\t\t<a href=\"https:\/\/paraty.rj.leg.br\/site\/nota-de-pesar-sr-almerindo-conceicao-bernardo\/\" >\n\t\t\t\tNota de Pesar &#8211; Sr. Almerindo Concei\u00e7\u00e3o Bernardo.\t\t\t<\/a>\n\t\t<\/h3>\n\t\t\t\t<div class=\"elementor-post__meta-data\">\n\t\t\t\t\t<span class=\"elementor-post-date\">\n\t\t\t2 de mar\u00e7o de 2026\t\t<\/span>\n\t\t\t\t<span class=\"elementor-post-avatar\">\n\t\t\tNenhum coment\u00e1rio\t\t<\/span>\n\t\t\t\t<\/div>\n\t\t\t\t<div class=\"elementor-post__excerpt\">\n\t\t\t<p> A C\u00e2mara Municipal de Paraty manifesta profundo pesar pelo falecimento do Sr. Almerindo Concei\u00e7\u00e3o Bernardo. Neste momento de dor e consterna\u00e7\u00e3o, o Poder<\/p>\n\t\t<\/div>\n\t\t\n\t\t<a class=\"elementor-post__read-more\" href=\"https:\/\/paraty.rj.leg.br\/site\/nota-de-pesar-sr-almerindo-conceicao-bernardo\/\" aria-label=\"Read more about Nota de Pesar &#8211; Sr. Almerindo Concei\u00e7\u00e3o Bernardo.\" tabindex=\"-1\" >\n\t\t\tLeia Mais &gt;&gt;\t\t<\/a>\n\n\t\t\t\t<\/div>\n\t\t\t\t<\/article>\n\t\t\t\t<article class=\"elementor-post elementor-grid-item post-69745 post type-post status-publish format-standard has-post-thumbnail hentry category-destaque category-noticias\">\n\t\t\t\t<a class=\"elementor-post__thumbnail__link\" href=\"https:\/\/paraty.rj.leg.br\/site\/nota-de-pesar-sr-jorge-porto-pinto\/\" tabindex=\"-1\" >\n\t\t\t<div class=\"elementor-post__thumbnail\"><img decoding=\"async\" width=\"300\" height=\"178\" src=\"https:\/\/paraty.rj.leg.br\/site\/wp-content\/uploads\/2026\/01\/nota-de-pesar-2-1-300x178.jpg\" class=\"attachment-medium size-medium wp-image-69747\" alt=\"\" srcset=\"https:\/\/paraty.rj.leg.br\/site\/wp-content\/uploads\/2026\/01\/nota-de-pesar-2-1-300x178.jpg 300w, https:\/\/paraty.rj.leg.br\/site\/wp-content\/uploads\/2026\/01\/nota-de-pesar-2-1-1024x609.jpg 1024w, https:\/\/paraty.rj.leg.br\/site\/wp-content\/uploads\/2026\/01\/nota-de-pesar-2-1-768x457.jpg 768w, https:\/\/paraty.rj.leg.br\/site\/wp-content\/uploads\/2026\/01\/nota-de-pesar-2-1-1536x913.jpg 1536w, https:\/\/paraty.rj.leg.br\/site\/wp-content\/uploads\/2026\/01\/nota-de-pesar-2-1.jpg 1921w\" sizes=\"(max-width: 300px) 100vw, 300px\" \/><\/div>\n\t\t<\/a>\n\t\t\t\t<div class=\"elementor-post__text\">\n\t\t\t\t<h3 class=\"elementor-post__title\">\n\t\t\t<a href=\"https:\/\/paraty.rj.leg.br\/site\/nota-de-pesar-sr-jorge-porto-pinto\/\" >\n\t\t\t\tNota de Pesar &#8211; Sr. Jorge Porto Pinto\t\t\t<\/a>\n\t\t<\/h3>\n\t\t\t\t<div class=\"elementor-post__meta-data\">\n\t\t\t\t\t<span class=\"elementor-post-date\">\n\t\t\t16 de janeiro de 2026\t\t<\/span>\n\t\t\t\t<span class=\"elementor-post-avatar\">\n\t\t\tNenhum coment\u00e1rio\t\t<\/span>\n\t\t\t\t<\/div>\n\t\t\t\t<div class=\"elementor-post__excerpt\">\n\t\t\t<p> A C\u00e2mara Municipal de Paraty manifesta profundo pesar pelo falecimento do Sr. Jorge Porto Pinto, Neste momento de dor e consterna\u00e7\u00e3o, o Poder<\/p>\n\t\t<\/div>\n\t\t\n\t\t<a class=\"elementor-post__read-more\" href=\"https:\/\/paraty.rj.leg.br\/site\/nota-de-pesar-sr-jorge-porto-pinto\/\" aria-label=\"Read more about Nota de Pesar &#8211; Sr. Jorge Porto Pinto\" tabindex=\"-1\" >\n\t\t\tLeia Mais &gt;&gt;\t\t<\/a>\n\n\t\t\t\t<\/div>\n\t\t\t\t<\/article>\n\t\t\t\t<article class=\"elementor-post elementor-grid-item post-69721 post type-post status-publish format-standard has-post-thumbnail hentry category-destaque category-noticias\">\n\t\t\t\t<a class=\"elementor-post__thumbnail__link\" href=\"https:\/\/paraty.rj.leg.br\/site\/nota-de-pesar-sra-ana-claudia-cordeiro-mao-do-vereador-lucas-cordeiro\/\" tabindex=\"-1\" >\n\t\t\t<div class=\"elementor-post__thumbnail\"><img loading=\"lazy\" decoding=\"async\" width=\"300\" height=\"178\" src=\"https:\/\/paraty.rj.leg.br\/site\/wp-content\/uploads\/2025\/12\/nota-de-pesar-2-300x178.jpg\" class=\"attachment-medium size-medium wp-image-69722\" alt=\"\" srcset=\"https:\/\/paraty.rj.leg.br\/site\/wp-content\/uploads\/2025\/12\/nota-de-pesar-2-300x178.jpg 300w, https:\/\/paraty.rj.leg.br\/site\/wp-content\/uploads\/2025\/12\/nota-de-pesar-2-1024x609.jpg 1024w, https:\/\/paraty.rj.leg.br\/site\/wp-content\/uploads\/2025\/12\/nota-de-pesar-2-768x457.jpg 768w, https:\/\/paraty.rj.leg.br\/site\/wp-content\/uploads\/2025\/12\/nota-de-pesar-2-1536x913.jpg 1536w, https:\/\/paraty.rj.leg.br\/site\/wp-content\/uploads\/2025\/12\/nota-de-pesar-2.jpg 1921w\" sizes=\"(max-width: 300px) 100vw, 300px\" \/><\/div>\n\t\t<\/a>\n\t\t\t\t<div class=\"elementor-post__text\">\n\t\t\t\t<h3 class=\"elementor-post__title\">\n\t\t\t<a href=\"https:\/\/paraty.rj.leg.br\/site\/nota-de-pesar-sra-ana-claudia-cordeiro-mao-do-vereador-lucas-cordeiro\/\" >\n\t\t\t\tNota de Pesar &#8211; Sra. Ana Cl\u00e1udia Cordeiro &#8211; M\u00e3e do Vereador Lucas Cordeiro\t\t\t<\/a>\n\t\t<\/h3>\n\t\t\t\t<div class=\"elementor-post__meta-data\">\n\t\t\t\t\t<span class=\"elementor-post-date\">\n\t\t\t20 de dezembro de 2025\t\t<\/span>\n\t\t\t\t<span class=\"elementor-post-avatar\">\n\t\t\tNenhum coment\u00e1rio\t\t<\/span>\n\t\t\t\t<\/div>\n\t\t\t\t<div class=\"elementor-post__excerpt\">\n\t\t\t<p>A C\u00e2mara Municipal de Paraty manifesta profundo pesar pelo falecimento da Sra. Ana Cl\u00e1udia Cordeiro, M\u00e3e do Vereador Lucas Cordeiro. Neste momento de dor<\/p>\n\t\t<\/div>\n\t\t\n\t\t<a class=\"elementor-post__read-more\" href=\"https:\/\/paraty.rj.leg.br\/site\/nota-de-pesar-sra-ana-claudia-cordeiro-mao-do-vereador-lucas-cordeiro\/\" aria-label=\"Read more about Nota de Pesar &#8211; Sra. Ana Cl\u00e1udia Cordeiro &#8211; M\u00e3e do Vereador Lucas Cordeiro\" tabindex=\"-1\" >\n\t\t\tLeia Mais &gt;&gt;\t\t<\/a>\n\n\t\t\t\t<\/div>\n\t\t\t\t<\/article>\n\t\t\t\t<article class=\"elementor-post elementor-grid-item post-69694 post type-post status-publish format-standard has-post-thumbnail hentry category-destaque category-noticias\">\n\t\t\t\t<a class=\"elementor-post__thumbnail__link\" href=\"https:\/\/paraty.rj.leg.br\/site\/formatura-do-programa-jovem-aprendiz-2025\/\" tabindex=\"-1\" >\n\t\t\t<div class=\"elementor-post__thumbnail\"><img loading=\"lazy\" decoding=\"async\" width=\"300\" height=\"180\" src=\"https:\/\/paraty.rj.leg.br\/site\/wp-content\/uploads\/2025\/12\/foto_formatura-300x180.jpg\" class=\"attachment-medium size-medium wp-image-69695\" alt=\"\" srcset=\"https:\/\/paraty.rj.leg.br\/site\/wp-content\/uploads\/2025\/12\/foto_formatura-300x180.jpg 300w, https:\/\/paraty.rj.leg.br\/site\/wp-content\/uploads\/2025\/12\/foto_formatura-1024x615.jpg 1024w, https:\/\/paraty.rj.leg.br\/site\/wp-content\/uploads\/2025\/12\/foto_formatura-768x461.jpg 768w, https:\/\/paraty.rj.leg.br\/site\/wp-content\/uploads\/2025\/12\/foto_formatura-1536x922.jpg 1536w, https:\/\/paraty.rj.leg.br\/site\/wp-content\/uploads\/2025\/12\/foto_formatura.jpg 1923w\" sizes=\"(max-width: 300px) 100vw, 300px\" \/><\/div>\n\t\t<\/a>\n\t\t\t\t<div class=\"elementor-post__text\">\n\t\t\t\t<h3 class=\"elementor-post__title\">\n\t\t\t<a href=\"https:\/\/paraty.rj.leg.br\/site\/formatura-do-programa-jovem-aprendiz-2025\/\" >\n\t\t\t\tFormatura do Programa Jovem Aprendiz 2025\t\t\t<\/a>\n\t\t<\/h3>\n\t\t\t\t<div class=\"elementor-post__meta-data\">\n\t\t\t\t\t<span class=\"elementor-post-date\">\n\t\t\t15 de dezembro de 2025\t\t<\/span>\n\t\t\t\t<span class=\"elementor-post-avatar\">\n\t\t\tNenhum coment\u00e1rio\t\t<\/span>\n\t\t\t\t<\/div>\n\t\t\t\t<div class=\"elementor-post__excerpt\">\n\t\t\t<p>A C\u00e2mara Municipal de Paraty realizou a Formatura do Programa Jovem Aprendiz 2025, celebrando a conclus\u00e3o do ciclo de aprendizado dos estagi\u00e1rios que, com<\/p>\n\t\t<\/div>\n\t\t\n\t\t<a class=\"elementor-post__read-more\" href=\"https:\/\/paraty.rj.leg.br\/site\/formatura-do-programa-jovem-aprendiz-2025\/\" aria-label=\"Read more about Formatura do Programa Jovem Aprendiz 2025\" tabindex=\"-1\" >\n\t\t\tLeia Mais &gt;&gt;\t\t<\/a>\n\n\t\t\t\t<\/div>\n\t\t\t\t<\/article>\n\t\t\t\t<article class=\"elementor-post elementor-grid-item post-69691 post type-post status-publish format-standard has-post-thumbnail hentry category-destaque category-noticias\">\n\t\t\t\t<a class=\"elementor-post__thumbnail__link\" href=\"https:\/\/paraty.rj.leg.br\/site\/69691-2\/\" tabindex=\"-1\" >\n\t\t\t<div class=\"elementor-post__thumbnail\"><img loading=\"lazy\" decoding=\"async\" width=\"300\" height=\"177\" src=\"https:\/\/paraty.rj.leg.br\/site\/wp-content\/uploads\/2025\/12\/POSTAGEM-NATAL-300x177.jpg\" class=\"attachment-medium size-medium wp-image-69692\" alt=\"\" srcset=\"https:\/\/paraty.rj.leg.br\/site\/wp-content\/uploads\/2025\/12\/POSTAGEM-NATAL-300x177.jpg 300w, https:\/\/paraty.rj.leg.br\/site\/wp-content\/uploads\/2025\/12\/POSTAGEM-NATAL-1024x603.jpg 1024w, https:\/\/paraty.rj.leg.br\/site\/wp-content\/uploads\/2025\/12\/POSTAGEM-NATAL-768x452.jpg 768w, https:\/\/paraty.rj.leg.br\/site\/wp-content\/uploads\/2025\/12\/POSTAGEM-NATAL-1536x905.jpg 1536w, https:\/\/paraty.rj.leg.br\/site\/wp-content\/uploads\/2025\/12\/POSTAGEM-NATAL-2048x1207.jpg 2048w\" sizes=\"(max-width: 300px) 100vw, 300px\" \/><\/div>\n\t\t<\/a>\n\t\t\t\t<div class=\"elementor-post__text\">\n\t\t\t\t<h3 class=\"elementor-post__title\">\n\t\t\t<a href=\"https:\/\/paraty.rj.leg.br\/site\/69691-2\/\" >\n\t\t\t\t\t\t\t<\/a>\n\t\t<\/h3>\n\t\t\t\t<div class=\"elementor-post__meta-data\">\n\t\t\t\t\t<span class=\"elementor-post-date\">\n\t\t\t15 de dezembro de 2025\t\t<\/span>\n\t\t\t\t<span class=\"elementor-post-avatar\">\n\t\t\tNenhum coment\u00e1rio\t\t<\/span>\n\t\t\t\t<\/div>\n\t\t\t\t<div class=\"elementor-post__excerpt\">\n\t\t\t<p> &nbsp; Neste tempo de Natal e de chegada de um novo ano, queremos deixar uma mensagem que vem do que constru\u00edmos juntos e<\/p>\n\t\t<\/div>\n\t\t\n\t\t<a class=\"elementor-post__read-more\" href=\"https:\/\/paraty.rj.leg.br\/site\/69691-2\/\" aria-label=\"Read more about \" tabindex=\"-1\" >\n\t\t\tLeia Mais &gt;&gt;\t\t<\/a>\n\n\t\t\t\t<\/div>\n\t\t\t\t<\/article>\n\t\t\t\t<\/div>\n\t\t\n\t\t\t\t\t\t<\/div>\n\t\t\t\t<\/div>\n\t\t\t\t\t<\/div>\n\t\t\t\t<\/div>\n\t\t\t\t<\/div>\n\t\t","protected":false},"excerpt":{"rendered":"&nbsp; Neste tempo de Natal e de chegada de um novo ano, queremos deixar uma mensagem que vem do que constru\u00edmos juntos e juntas em Paraty: do cuidado com as pessoas, da luta coletiva e da esperan\u00e7a que nasce da uni\u00e3o. Que este Natal seja vivido com afeto, solidariedade e dignidade, fortalecendo os la\u00e7os entre [...]","protected":false},"author":1,"featured_media":0,"parent":0,"menu_order":0,"comment_status":"closed","ping_status":"closed","template":"","meta":{"_monsterinsights_skip_tracking":false,"_monsterinsights_sitenote_active":false,"_monsterinsights_sitenote_note":"","_monsterinsights_sitenote_category":0,"footnotes":""},"class_list":["post-273","page","type-page","status-publish","hentry"],"_links":{"self":[{"href":"https:\/\/paraty.rj.leg.br\/site\/wp-json\/wp\/v2\/pages\/273","targetHints":{"allow":["GET"]}}],"collection":[{"href":"https:\/\/paraty.rj.leg.br\/site\/wp-json\/wp\/v2\/pages"}],"about":[{"href":"https:\/\/paraty.rj.leg.br\/site\/wp-json\/wp\/v2\/types\/page"}],"author":[{"embeddable":true,"href":"https:\/\/paraty.rj.leg.br\/site\/wp-json\/wp\/v2\/users\/1"}],"replies":[{"embeddable":true,"href":"https:\/\/paraty.rj.leg.br\/site\/wp-json\/wp\/v2\/comments?post=273"}],"version-history":[{"count":43,"href":"https:\/\/paraty.rj.leg.br\/site\/wp-json\/wp\/v2\/pages\/273\/revisions"}],"predecessor-version":[{"id":63007,"href":"https:\/\/paraty.rj.leg.br\/site\/wp-json\/wp\/v2\/pages\/273\/revisions\/63007"}],"wp:attachment":[{"href":"https:\/\/paraty.rj.leg.br\/site\/wp-json\/wp\/v2\/media?parent=273"}],"curies":[{"name":"wp","href":"https:\/\/api.w.org\/{rel}","templated":true}]}}