{"id":3457,"date":"2021-04-24T10:34:16","date_gmt":"2021-04-24T13:34:16","guid":{"rendered":"https:\/\/paraty.rj.leg.br\/site\/?page_id=3457"},"modified":"2025-08-05T10:58:55","modified_gmt":"2025-08-05T13:58:55","slug":"mesa-diretora","status":"publish","type":"page","link":"https:\/\/paraty.rj.leg.br\/site\/mesa-diretora\/","title":{"rendered":"Mesa Diretora"},"content":{"rendered":"\t\t<div data-elementor-type=\"wp-page\" data-elementor-id=\"3457\" class=\"elementor elementor-3457\" data-elementor-post-type=\"page\">\n\t\t\t\t<div class=\"elementor-element elementor-element-34155ff e-flex e-con-boxed e-con e-parent\" data-id=\"34155ff\" data-element_type=\"container\" data-e-type=\"container\">\n\t\t\t\t\t<div class=\"e-con-inner\">\n\t\t<div class=\"elementor-element elementor-element-ae48e58 e-con-full e-flex e-con e-child\" data-id=\"ae48e58\" data-element_type=\"container\" data-e-type=\"container\">\n\t\t<div class=\"elementor-element elementor-element-6110752 e-con-full e-flex e-con e-child\" data-id=\"6110752\" data-element_type=\"container\" data-e-type=\"container\">\n\t\t<div class=\"elementor-element elementor-element-31c919f e-con-full e-flex e-con e-child\" data-id=\"31c919f\" data-element_type=\"container\" data-e-type=\"container\">\n\t\t<div class=\"elementor-element elementor-element-f4496f4 e-con-full e-flex e-con e-child\" data-id=\"f4496f4\" data-element_type=\"container\" data-e-type=\"container\">\n\t\t\t\t<div class=\"elementor-element elementor-element-be39eef elementor-widget elementor-widget-image\" data-id=\"be39eef\" data-element_type=\"widget\" data-e-type=\"widget\" data-widget_type=\"image.default\">\n\t\t\t\t<div class=\"elementor-widget-container\">\n\t\t\t\t\t\t\t\t\t\t\t\t\t\t\t\t<a href=\"https:\/\/paraty.rj.leg.br\/site\/vereador\/vaguinho\/\">\n\t\t\t\t\t\t\t<img fetchpriority=\"high\" decoding=\"async\" width=\"357\" height=\"357\" src=\"https:\/\/paraty.rj.leg.br\/site\/wp-content\/uploads\/2025\/07\/vaguinho.png\" class=\"attachment-large size-large wp-image-63338\" alt=\"\" srcset=\"https:\/\/paraty.rj.leg.br\/site\/wp-content\/uploads\/2025\/07\/vaguinho.png 357w, https:\/\/paraty.rj.leg.br\/site\/wp-content\/uploads\/2025\/07\/vaguinho-300x300.png 300w, https:\/\/paraty.rj.leg.br\/site\/wp-content\/uploads\/2025\/07\/vaguinho-150x150.png 150w\" sizes=\"(max-width: 357px) 100vw, 357px\" \/>\t\t\t\t\t\t\t\t<\/a>\n\t\t\t\t\t\t\t\t\t\t\t\t\t\t\t<\/div>\n\t\t\t\t<\/div>\n\t\t\t\t<div class=\"elementor-element elementor-element-6656225 elementor-widget elementor-widget-text-editor\" data-id=\"6656225\" data-element_type=\"widget\" data-e-type=\"widget\" data-widget_type=\"text-editor.default\">\n\t\t\t\t<div class=\"elementor-widget-container\">\n\t\t\t\t\t\t\t\t\t<p><strong>Nome completo:<\/strong> <a href=\"https:\/\/paraty.rj.leg.br\/site\/vereador\/vaguinho\/\">Vagno Martins da Cruz<\/a><br \/><strong>Partido:<\/strong>\u00a0<a href=\"https:\/\/paraty.rj.leg.br\/site\/partido\/psd\">PT<i class=\"fa fa-plus-circle\"><\/i><\/a><br \/><strong><i class=\"fa fa-envelope\"><\/i>\u00a0E-mail:<\/strong>\u00a0<br \/><strong><i class=\"fa fa-phone\"><\/i>\u00a0Telefone:<\/strong>\u00a0<\/p>\t\t\t\t\t\t\t\t<\/div>\n\t\t\t\t<\/div>\n\t\t\t\t<div class=\"elementor-element elementor-element-b5e5b8d elementor-widget elementor-widget-heading\" data-id=\"b5e5b8d\" data-element_type=\"widget\" data-e-type=\"widget\" data-widget_type=\"heading.default\">\n\t\t\t\t<div class=\"elementor-widget-container\">\n\t\t\t\t\t<h6 class=\"elementor-heading-title elementor-size-default\"><a href=\"https:\/\/paraty.rj.leg.br\/site\/vereador\/vaguinho\/\">Vaguinho de  S\u00e3o Gon\u00e7alo - Presidente<\/a><\/h6>\t\t\t\t<\/div>\n\t\t\t\t<\/div>\n\t\t\t\t<\/div>\n\t\t<div class=\"elementor-element elementor-element-4b05873 e-con-full e-flex e-con e-child\" data-id=\"4b05873\" data-element_type=\"container\" data-e-type=\"container\">\n\t\t\t\t<div class=\"elementor-element elementor-element-d4e8fe5 elementor-widget elementor-widget-image\" data-id=\"d4e8fe5\" data-element_type=\"widget\" data-e-type=\"widget\" data-widget_type=\"image.default\">\n\t\t\t\t<div class=\"elementor-widget-container\">\n\t\t\t\t\t\t\t\t\t\t\t\t\t\t\t\t<a href=\"https:\/\/paraty.rj.leg.br\/site\/vereador\/santos-coquinho\/\">\n\t\t\t\t\t\t\t<img decoding=\"async\" width=\"356\" height=\"356\" src=\"https:\/\/paraty.rj.leg.br\/site\/wp-content\/uploads\/2025\/06\/vereador_coquinho.png\" class=\"attachment-large size-large wp-image-65343\" alt=\"\" srcset=\"https:\/\/paraty.rj.leg.br\/site\/wp-content\/uploads\/2025\/06\/vereador_coquinho.png 356w, https:\/\/paraty.rj.leg.br\/site\/wp-content\/uploads\/2025\/06\/vereador_coquinho-300x300.png 300w, https:\/\/paraty.rj.leg.br\/site\/wp-content\/uploads\/2025\/06\/vereador_coquinho-150x150.png 150w\" sizes=\"(max-width: 356px) 100vw, 356px\" \/>\t\t\t\t\t\t\t\t<\/a>\n\t\t\t\t\t\t\t\t\t\t\t\t\t\t\t<\/div>\n\t\t\t\t<\/div>\n\t\t\t\t<div class=\"elementor-element elementor-element-bf438a4 elementor-widget elementor-widget-text-editor\" data-id=\"bf438a4\" data-element_type=\"widget\" data-e-type=\"widget\" data-widget_type=\"text-editor.default\">\n\t\t\t\t<div class=\"elementor-widget-container\">\n\t\t\t\t\t\t\t\t\t<p><strong>Nome completo:<\/strong> <a href=\"https:\/\/paraty.rj.leg.br\/site\/vereador\/santos-coquinho\/\">Anderson Maia dos Santos<\/a><br \/><strong>Partido:<\/strong> MDB<br \/><strong><i class=\"fa fa-envelope\"><\/i>\u00a0E-mail:<\/strong><br \/><strong><i class=\"fa fa-phone\"><\/i>\u00a0Telefone:<\/strong><\/p>\t\t\t\t\t\t\t\t<\/div>\n\t\t\t\t<\/div>\n\t\t\t\t<div class=\"elementor-element elementor-element-c226095 elementor-widget elementor-widget-heading\" data-id=\"c226095\" data-element_type=\"widget\" data-e-type=\"widget\" data-widget_type=\"heading.default\">\n\t\t\t\t<div class=\"elementor-widget-container\">\n\t\t\t\t\t<h6 class=\"elementor-heading-title elementor-size-default\"><a href=\"https:\/\/paraty.rj.leg.br\/site\/vereador\/santos-coquinho\/\">Santos Coquinho  - 1\u00ba Vice-Presidente <\/a><\/h6>\t\t\t\t<\/div>\n\t\t\t\t<\/div>\n\t\t\t\t<\/div>\n\t\t\t\t<\/div>\n\t\t<div class=\"elementor-element elementor-element-0f9bace e-con-full e-flex e-con e-child\" data-id=\"0f9bace\" data-element_type=\"container\" data-e-type=\"container\">\n\t\t<div class=\"elementor-element elementor-element-2eca75c e-con-full e-flex e-con e-child\" data-id=\"2eca75c\" data-element_type=\"container\" data-e-type=\"container\">\n\t\t\t\t<div class=\"elementor-element elementor-element-59cec0f elementor-widget elementor-widget-image\" data-id=\"59cec0f\" data-element_type=\"widget\" data-e-type=\"widget\" data-widget_type=\"image.default\">\n\t\t\t\t<div class=\"elementor-widget-container\">\n\t\t\t\t\t\t\t\t\t\t\t\t\t\t\t\t<a href=\"https:\/\/paraty.rj.leg.br\/site\/vereador\/ja-e-ruan\/\">\n\t\t\t\t\t\t\t<img decoding=\"async\" width=\"357\" height=\"357\" src=\"https:\/\/paraty.rj.leg.br\/site\/wp-content\/uploads\/2025\/06\/vereador_ja_e_ruan.png\" class=\"attachment-large size-large wp-image-65345\" alt=\"\" srcset=\"https:\/\/paraty.rj.leg.br\/site\/wp-content\/uploads\/2025\/06\/vereador_ja_e_ruan.png 357w, https:\/\/paraty.rj.leg.br\/site\/wp-content\/uploads\/2025\/06\/vereador_ja_e_ruan-300x300.png 300w, https:\/\/paraty.rj.leg.br\/site\/wp-content\/uploads\/2025\/06\/vereador_ja_e_ruan-150x150.png 150w\" sizes=\"(max-width: 357px) 100vw, 357px\" \/>\t\t\t\t\t\t\t\t<\/a>\n\t\t\t\t\t\t\t\t\t\t\t\t\t\t\t<\/div>\n\t\t\t\t<\/div>\n\t\t\t\t<div class=\"elementor-element elementor-element-bb6c819 elementor-widget elementor-widget-text-editor\" data-id=\"bb6c819\" data-element_type=\"widget\" data-e-type=\"widget\" data-widget_type=\"text-editor.default\">\n\t\t\t\t<div class=\"elementor-widget-container\">\n\t\t\t\t\t\t\t\t\t<p><strong>Nome completo:<\/strong><a href=\"https:\/\/paraty.rj.leg.br\/site\/vereador\/ja-e-ruan\/\"> Ruan Carlos mineiro Marcelino<\/a><br \/><strong>Partido:<\/strong> PRD<i class=\"fa fa-plus-circle\"><\/i><br \/><strong><i class=\"fa fa-envelope\"><\/i>\u00a0E-mail:<\/strong><br \/><strong><i class=\"fa fa-phone\"><\/i>\u00a0Telefone:<\/strong><\/p>\t\t\t\t\t\t\t\t<\/div>\n\t\t\t\t<\/div>\n\t\t\t\t<div class=\"elementor-element elementor-element-10ba23e elementor-widget elementor-widget-heading\" data-id=\"10ba23e\" data-element_type=\"widget\" data-e-type=\"widget\" data-widget_type=\"heading.default\">\n\t\t\t\t<div class=\"elementor-widget-container\">\n\t\t\t\t\t<h6 class=\"elementor-heading-title elementor-size-default\"><a href=\"https:\/\/paraty.rj.leg.br\/site\/vereador\/ja-e-ruan\/\">J\u00e1 \u00e9 Ruan -  2\u00ba Vice-Presidente<\/a><\/h6>\t\t\t\t<\/div>\n\t\t\t\t<\/div>\n\t\t\t\t<\/div>\n\t\t<div class=\"elementor-element elementor-element-4e740bc e-con-full e-flex e-con e-child\" data-id=\"4e740bc\" data-element_type=\"container\" data-e-type=\"container\">\n\t\t\t\t<div class=\"elementor-element elementor-element-e7973f7 elementor-widget elementor-widget-image\" data-id=\"e7973f7\" data-element_type=\"widget\" data-e-type=\"widget\" data-widget_type=\"image.default\">\n\t\t\t\t<div class=\"elementor-widget-container\">\n\t\t\t\t\t\t\t\t\t\t\t\t\t\t\t\t<a href=\"https:\/\/paraty.rj.leg.br\/site\/vereador\/lucas-cordeiro\/\">\n\t\t\t\t\t\t\t<img loading=\"lazy\" decoding=\"async\" width=\"357\" height=\"357\" src=\"https:\/\/paraty.rj.leg.br\/site\/wp-content\/uploads\/2025\/06\/vereador_lucas.png\" class=\"attachment-large size-large wp-image-65347\" alt=\"\" srcset=\"https:\/\/paraty.rj.leg.br\/site\/wp-content\/uploads\/2025\/06\/vereador_lucas.png 357w, https:\/\/paraty.rj.leg.br\/site\/wp-content\/uploads\/2025\/06\/vereador_lucas-300x300.png 300w, https:\/\/paraty.rj.leg.br\/site\/wp-content\/uploads\/2025\/06\/vereador_lucas-150x150.png 150w\" sizes=\"(max-width: 357px) 100vw, 357px\" \/>\t\t\t\t\t\t\t\t<\/a>\n\t\t\t\t\t\t\t\t\t\t\t\t\t\t\t<\/div>\n\t\t\t\t<\/div>\n\t\t\t\t<div class=\"elementor-element elementor-element-6a825f8 elementor-widget elementor-widget-text-editor\" data-id=\"6a825f8\" data-element_type=\"widget\" data-e-type=\"widget\" data-widget_type=\"text-editor.default\">\n\t\t\t\t<div class=\"elementor-widget-container\">\n\t\t\t\t\t\t\t\t\t<p><strong>Nome completo:<\/strong><a href=\"https:\/\/paraty.rj.leg.br\/site\/vereador\/lucas-cordeiro\/\"> Lucas de Oliveira Cordeiro<\/a><br \/><strong>Partido:<\/strong> PDT<br \/><strong><i class=\"fa fa-envelope\"><\/i>\u00a0E-mail:<\/strong><br \/><strong><i class=\"fa fa-phone\"><\/i>\u00a0Telefone:<\/strong><\/p>\t\t\t\t\t\t\t\t<\/div>\n\t\t\t\t<\/div>\n\t\t\t\t<div class=\"elementor-element elementor-element-2031335 elementor-widget elementor-widget-heading\" data-id=\"2031335\" data-element_type=\"widget\" data-e-type=\"widget\" data-widget_type=\"heading.default\">\n\t\t\t\t<div class=\"elementor-widget-container\">\n\t\t\t\t\t<h6 class=\"elementor-heading-title elementor-size-default\"><a href=\"https:\/\/paraty.rj.leg.br\/site\/vereador\/lucas-cordeiro\/\">Lucas Cordeiro -  1\u00ba Secret\u00e1rio<\/a><\/h6>\t\t\t\t<\/div>\n\t\t\t\t<\/div>\n\t\t\t\t<\/div>\n\t\t\t\t<\/div>\n\t\t<div class=\"elementor-element elementor-element-7968a66 e-con-full e-flex e-con e-child\" data-id=\"7968a66\" data-element_type=\"container\" data-e-type=\"container\">\n\t\t<div class=\"elementor-element elementor-element-8b2f643 e-con-full e-flex e-con e-child\" data-id=\"8b2f643\" data-element_type=\"container\" data-e-type=\"container\">\n\t\t\t\t<div class=\"elementor-element elementor-element-0664572 elementor-widget elementor-widget-image\" data-id=\"0664572\" data-element_type=\"widget\" data-e-type=\"widget\" data-widget_type=\"image.default\">\n\t\t\t\t<div class=\"elementor-widget-container\">\n\t\t\t\t\t\t\t\t\t\t\t\t\t\t\t\t<a href=\"https:\/\/paraty.rj.leg.br\/site\/vereador\/ruan-ribeiro\/https:\/\/paraty.rj.leg.br\/site\/vereador\/ruan-ribeiro\/\">\n\t\t\t\t\t\t\t<img loading=\"lazy\" decoding=\"async\" width=\"356\" height=\"357\" src=\"https:\/\/paraty.rj.leg.br\/site\/wp-content\/uploads\/2025\/06\/vereador_ruan_ribeiro.png\" class=\"attachment-large size-large wp-image-65351\" alt=\"\" srcset=\"https:\/\/paraty.rj.leg.br\/site\/wp-content\/uploads\/2025\/06\/vereador_ruan_ribeiro.png 356w, https:\/\/paraty.rj.leg.br\/site\/wp-content\/uploads\/2025\/06\/vereador_ruan_ribeiro-300x300.png 300w, https:\/\/paraty.rj.leg.br\/site\/wp-content\/uploads\/2025\/06\/vereador_ruan_ribeiro-150x150.png 150w\" sizes=\"(max-width: 356px) 100vw, 356px\" \/>\t\t\t\t\t\t\t\t<\/a>\n\t\t\t\t\t\t\t\t\t\t\t\t\t\t\t<\/div>\n\t\t\t\t<\/div>\n\t\t\t\t<div class=\"elementor-element elementor-element-4bdb9d8 elementor-widget elementor-widget-text-editor\" data-id=\"4bdb9d8\" data-element_type=\"widget\" data-e-type=\"widget\" data-widget_type=\"text-editor.default\">\n\t\t\t\t<div class=\"elementor-widget-container\">\n\t\t\t\t\t\t\t\t\t<p><strong>Nome completo:<\/strong>\u00a0<a href=\"https:\/\/paraty.rj.leg.br\/site\/vereador\/ruan-ribeiro\/\">Ruan Souza Ribeiro<\/a><br \/><strong>Partido:<\/strong> PV<br \/><strong><i class=\"fa fa-envelope\"><\/i>\u00a0E-mail:<\/strong>\u00a0<br \/><strong><i class=\"fa fa-phone\"><\/i>\u00a0Telefone:<\/strong>\u00a0<\/p>\t\t\t\t\t\t\t\t<\/div>\n\t\t\t\t<\/div>\n\t\t\t\t<div class=\"elementor-element elementor-element-25d0aed elementor-widget elementor-widget-heading\" data-id=\"25d0aed\" data-element_type=\"widget\" data-e-type=\"widget\" data-widget_type=\"heading.default\">\n\t\t\t\t<div class=\"elementor-widget-container\">\n\t\t\t\t\t<h6 class=\"elementor-heading-title elementor-size-default\"><a href=\"https:\/\/paraty.rj.leg.br\/site\/vereador\/ruan-ribeiro\/\">Ruan Ribeiro - 2\u00ba Secret\u00e1rio<\/a><\/h6>\t\t\t\t<\/div>\n\t\t\t\t<\/div>\n\t\t\t\t<\/div>\n\t\t\t\t<\/div>\n\t\t\t\t<\/div>\n\t\t\t\t<\/div>\n\t\t\t\t\t<\/div>\n\t\t\t\t<\/div>\n\t\t<div class=\"elementor-element elementor-element-f70312e e-flex e-con-boxed e-con e-parent\" data-id=\"f70312e\" data-element_type=\"container\" data-e-type=\"container\">\n\t\t\t\t\t<div class=\"e-con-inner\">\n\t\t<div class=\"elementor-element elementor-element-0f9a217 e-con-full e-flex e-con e-child\" data-id=\"0f9a217\" data-element_type=\"container\" data-e-type=\"container\">\n\t\t<div class=\"elementor-element elementor-element-ddf6b00 e-con-full e-flex e-con e-child\" data-id=\"ddf6b00\" data-element_type=\"container\" data-e-type=\"container\">\n\t\t\t\t<div class=\"elementor-element elementor-element-f5e0f1c elementor-invisible elementor-widget elementor-widget-text-editor\" data-id=\"f5e0f1c\" data-element_type=\"widget\" data-e-type=\"widget\" data-settings=\"{&quot;_animation&quot;:&quot;fadeInUp&quot;,&quot;_animation_delay&quot;:&quot;200&quot;}\" data-widget_type=\"text-editor.default\">\n\t\t\t\t<div class=\"elementor-widget-container\">\n\t\t\t\t\t\t\t\t\t<ul><li style=\"text-align: left;\"><strong>Artigo 20 do Regimento Interno<\/strong><\/li><\/ul><p style=\"text-align: left;\">A Mesa eleita, com mandato de 02 (dois) anos, ser\u00e1 composta do Presidente, do 1\u00b0 Vice-Presidente, do 2\u00b0 Vice-Presidente, do 1\u00b0 Secret\u00e1rio e do 2\u00b0 Secret\u00e1rio.<\/p>\t\t\t\t\t\t\t\t<\/div>\n\t\t\t\t<\/div>\n\t\t\t\t<div class=\"elementor-element elementor-element-aaf47c0 elementor-invisible elementor-widget elementor-widget-text-editor\" data-id=\"aaf47c0\" data-element_type=\"widget\" data-e-type=\"widget\" data-settings=\"{&quot;_animation&quot;:&quot;fadeInUp&quot;,&quot;_animation_delay&quot;:&quot;200&quot;}\" data-widget_type=\"text-editor.default\">\n\t\t\t\t<div class=\"elementor-widget-container\">\n\t\t\t\t\t\t\t\t\t<ul><li style=\"text-align: left;\"><strong>Artigo 21 do Regimento Interno<\/strong><\/li><\/ul><p style=\"text-align: left;\">\u00c0 Mesa compete, dentre outras atribui\u00e7\u00f5es estabelecidas no artigo 32 da Lei Org\u00e2nica Municipal e neste Regimento Interno ou deles implicitamente resultantes, a dire\u00e7\u00e3o dos trabalhos legislativos e dos servi\u00e7os administrativos da C\u00e2mara.<\/p>\t\t\t\t\t\t\t\t<\/div>\n\t\t\t\t<\/div>\n\t\t\t\t<div class=\"elementor-element elementor-element-caf0ca2 elementor-align-center elementor-mobile-align-justify elementor-widget-mobile__width-initial elementor-invisible elementor-widget elementor-widget-button\" data-id=\"caf0ca2\" data-element_type=\"widget\" data-e-type=\"widget\" data-settings=\"{&quot;_animation&quot;:&quot;fadeInUp&quot;,&quot;_animation_delay&quot;:&quot;400&quot;}\" data-widget_type=\"button.default\">\n\t\t\t\t<div class=\"elementor-widget-container\">\n\t\t\t\t\t\t\t\t\t<div class=\"elementor-button-wrapper\">\n\t\t\t\t\t<a class=\"elementor-button elementor-button-link elementor-size-sm\" href=\"https:\/\/paraty.rj.leg.br\/site\/regimento-interno\/\">\n\t\t\t\t\t\t<span class=\"elementor-button-content-wrapper\">\n\t\t\t\t\t\t\t\t\t<span class=\"elementor-button-text\"> Regimento Interno<\/span>\n\t\t\t\t\t<\/span>\n\t\t\t\t\t<\/a>\n\t\t\t\t<\/div>\n\t\t\t\t\t\t\t\t<\/div>\n\t\t\t\t<\/div>\n\t\t\t\t<\/div>\n\t\t\t\t<\/div>\n\t\t\t\t\t<\/div>\n\t\t\t\t<\/div>\n\t\t\t\t<\/div>\n\t\t","protected":false},"excerpt":{"rendered":"<p>Nome completo: Vagno Martins da CruzPartido:\u00a0PT\u00a0E-mail:\u00a0\u00a0Telefone:\u00a0 Vaguinho de S\u00e3o Gon\u00e7alo &#8211; Presidente Nome completo: Anderson Maia dos SantosPartido: MDB\u00a0E-mail:\u00a0Telefone: Santos Coquinho &#8211; 1\u00ba Vice-Presidente Nome completo: Ruan Carlos mineiro MarcelinoPartido: PRD\u00a0E-mail:\u00a0Telefone: J\u00e1 \u00e9 Ruan &#8211; 2\u00ba Vice-Presidente Nome completo: Lucas de Oliveira CordeiroPartido: PDT\u00a0E-mail:\u00a0Telefone: Lucas Cordeiro &#8211; 1\u00ba Secret\u00e1rio Nome completo:\u00a0Ruan Souza RibeiroPartido: PV\u00a0E-mail:\u00a0\u00a0Telefone:\u00a0 Ruan [&hellip;]<\/p>\n","protected":false},"author":1,"featured_media":0,"parent":0,"menu_order":0,"comment_status":"closed","ping_status":"closed","template":"","meta":{"_monsterinsights_skip_tracking":false,"_monsterinsights_sitenote_active":false,"_monsterinsights_sitenote_note":"","_monsterinsights_sitenote_category":0,"footnotes":""},"class_list":["post-3457","page","type-page","status-publish","hentry"],"_links":{"self":[{"href":"https:\/\/paraty.rj.leg.br\/site\/wp-json\/wp\/v2\/pages\/3457","targetHints":{"allow":["GET"]}}],"collection":[{"href":"https:\/\/paraty.rj.leg.br\/site\/wp-json\/wp\/v2\/pages"}],"about":[{"href":"https:\/\/paraty.rj.leg.br\/site\/wp-json\/wp\/v2\/types\/page"}],"author":[{"embeddable":true,"href":"https:\/\/paraty.rj.leg.br\/site\/wp-json\/wp\/v2\/users\/1"}],"replies":[{"embeddable":true,"href":"https:\/\/paraty.rj.leg.br\/site\/wp-json\/wp\/v2\/comments?post=3457"}],"version-history":[{"count":51,"href":"https:\/\/paraty.rj.leg.br\/site\/wp-json\/wp\/v2\/pages\/3457\/revisions"}],"predecessor-version":[{"id":68518,"href":"https:\/\/paraty.rj.leg.br\/site\/wp-json\/wp\/v2\/pages\/3457\/revisions\/68518"}],"wp:attachment":[{"href":"https:\/\/paraty.rj.leg.br\/site\/wp-json\/wp\/v2\/media?parent=3457"}],"curies":[{"name":"wp","href":"https:\/\/api.w.org\/{rel}","templated":true}]}}